 = 22 - o. What is the units digit of w?
5
Let q = 149 - -25. What is the units digit of q?
4
Let n(y) = -20*y + 6. Let b be n(4). What is the tens digit of (-1)/(2/b) - 2 - -2?
3
Let x be -1 - 5 - 77/(-11). Let m = -10 + 14. What is the units digit of (6/m)/x*16?
4
Let c(g) = -109*g + 23. Let l be c(-5). Suppose l = 7*i - 321. What is the units digit of i?
7
Let a be (0 - -6)*(-2 - -1). Let g be a/(-9) + (-978)/(-18). Suppose -5*s + 2*b = -g - 40, -4*s - 2*b + 76 = 0. What is the tens digit of s?
1
Let q be (-2)/6 - (-14)/6. Let l = -6 - q. What is the tens digit of l/3*(-4 - 5)?
2
Let y(u) = -427*u - 10. Let v be y(-2). Suppose 0 = -85*g + 89*g - v. What is the hundreds digit of g?
2
Suppose -2*r + 0*r = 0. Suppose -4*n + 12 = -r*n. What is the units digit of 2 - (n + (-18)/2)?
8
Let m(c) = 3*c. Let p be m(-3). What is the units digit of (-3)/p*3 - -49?
0
Let l(f) = -2*f**2 - 15*f - 10. Let q(k) = -2*k**2 - 15*k - 10. Let n(h) = 5*l(h) - 6*q(h). What is the units digit of n(-10)?
0
Suppose 4*m = -2*c + 2092, -3*m - 3*c = -2*m - 513. What is the units digit of m?
5
What is the units digit of (50/(-35))/(-5) - (-94048)/112?
0
Let v be 224/42 - (-2)/(-6). Suppose -m - i + 255 = 0, v*i + 10 = -5. Suppose -5*b - b = -m. What is the units digit of b?
3
Let w = 652 + -402. Suppose 0 = 4*m - 16, 5*i + m - w = 6*m. What is the tens digit of i?
5
Let j be (-5 + 5)/(1 + -2). Suppose -28 = -2*q - j*q + r, -3*r = -2*q + 36. What is the tens digit of q?
1
Let q = -1 + 14. Let t = q - 14. What is the tens digit of t/2*(7 - 73)?
3
Suppose r + 2*r = 3*x - 21, 2*x - 4*r - 24 = 0. Suppose x*p - 824 = -3*p - 4*s, -5 = -5*s. What is the units digit of p?
4
Suppose -2*s + 911 = 7*p - 2*p, 0 = s - 2*p - 478. What is the units digit of s?
8
Suppose 2*y + 4*c - 111 - 67 = 0, -2*c = -3*y + 307. What is the tens digit of y?
9
Let l(q) = 312*q - 353. What is the hundreds digit of l(10)?
7
Let o(u) = u**2 + 2*u - 12. Let j be o(-5). What is the hundreds digit of (-3201)/(-18) + j/18?
1
Let j(q) = q**2 + 7*q - 4. Let c be j(-6). Let x = c + 8. What is the tens digit of (-6 + -2)/(x/9)?
3
Let j = 217 + -11. What is the hundreds digit of j?
2
Let d(m) = -m - 1 + 2*m**2 - m - 8*m + m. Let t be d(5). Suppose 3*i = -t*v + 178, 0*i + 56 = i - 2*v. What is the units digit of i?
8
Let k(a) = 2*a**3 - 4*a + 1. Let b be 3/36*4*9. What is the units digit of k(b)?
3
Let w(x) be the third derivative of x**5/60 + 3*x**4/8 + 5*x**3/3 + x**2. Let r be w(-10). Let b = 33 - r. What is the tens digit of b?
1
Let u(k) = -2*k**3 + 2*k**2 + 7*k - 4. Let l be u(-4). Let f = -7 + l. What is the units digit of f?
1
Suppose -58 = -2*s + 396. Suppose 2*g + q + 3*q - 272 = 0, 0 = -2*g + 5*q + s. What is the tens digit of g?
2
Let d(q) = 2*q + 21. Let r be d(-11). What is the tens digit of 155/(r + 1 - -1)?
5
Suppose -8*k + 12*k = -56. Let p be (-7)/(-2)*(-8)/k. What is the units digit of (-21)/(-6)*p/1?
7
Let b be (-2)/(-6) + -10*681/(-9). Let y = b + -535. What is the hundreds digit of y?
2
Suppose 25 - 33 = -4*d. Suppose -d*z + z = -138. What is the tens digit of z?
3
Let s be ((-3)/(-2))/(3 + (-21)/8). Suppose 4*j = -s*f + 600, -15 = -5*f + 5. What is the units digit of j?
6
Let n = 3 + 2. Suppose -2*j - 2*h + 6 = j, h + 23 = n*j. Suppose 2*d + 12 = j*d. What is the units digit of d?
6
Suppose 4*x + 2*x = 18. Let d be -4 - x*(-16)/3. Suppose -d = -7*m + 3*m. What is the units digit of m?
3
Let u(d) = d**3 - 12*d**2 - 29*d + 18. Let t be u(14). Suppose -165 = m - t*m. What is the tens digit of m?
5
Let t be ((-8)/10)/(8/100). Let k(j) = -j**2 - 13*j - 14. What is the tens digit of k(t)?
1
Let s = -71 + 71. Suppose -2*r + 315 = -f, -3*r = -s*r + 4*f - 489. What is the tens digit of r?
5
Let m(h) = 9*h - 146. Let f be m(20). Suppose -5*q = j - 18, -j + q + 4*q = 12. Let z = f - j. What is the tens digit of z?
3
Let n(c) = -c**3 - 7*c + 7. Let r(s) = s**3 + s**2 + 8*s - 6. Let l(i) = 6*n(i) + 5*r(i). Let v be l(5). Suppose -v*o = 27 - 147. What is the tens digit of o?
6
Let x(g) be the first derivative of -g**3/3 - 7*g**2/2 - g - 1. Let q be x(-5). Let a(v) = v**2 - 6*v - 8. What is the tens digit of a(q)?
1
Suppose -b - 3 + 7 = 0. Suppose 0 = g - 5 - b. What is the units digit of g?
9
Suppose 231 - 46 = -5*j. Let q(d) = 10*d + 19. Let h be q(8). Let o = h + j. What is the tens digit of o?
6
Suppose 2*b = 2*y - 2*b - 32, 4*b = 3*y - 44. Let f = 0 + 0. Suppose f = -4*a + 3*a + y. What is the tens digit of a?
1
Let x = 9 - 6. Let t(u) = 13 - 6*u**2 + 5*u**x - 4*u**3 + 0*u**3 - 4*u**2 - 9*u. What is the units digit of t(11)?
5
Let p(a) = 22*a - 688. What is the tens digit of p(38)?
4
Suppose -3*l + 15 = 2*l. Suppose 5*u = 4*u + 4. Suppose 3*v + 11 + u = l*a, -5*v = -25. What is the tens digit of a?
1
Let v be 2 - 5 - (2 - 9). Let q = 6 - v. What is the tens digit of 12 - 0 - 2/q?
1
Let h = 240 - 74. Suppose 3*r - 8 - h = 0. What is the units digit of r?
8
Suppose 0 = -b + 4, 5*s + 3*b - 4 = 23. Suppose -5*i - 4*j = -24, s*j + j = -2*i. What is the units digit of i?
8
Let y(q) = -32*q - 4. Let t(w) = -32*w - 3. Let d be ((-9)/2)/((-6)/(-8)). Let c(o) = d*t(o) + 5*y(o). What is the units digit of c(1)?
0
What is the thousands digit of 4352/2 - (36 - 45)?
2
Suppose 19*o + 65130 = 58*o. What is the units digit of o?
0
Suppose g + 3*f + 12 = 0, 0 = 3*g - 2*f + 3*f - 4. What is the tens digit of 768/9 - (1/g)/1?
8
Let k(x) = x**2 + 11*x + 18. What is the hundreds digit of k(-37)?
9
Let n(c) = -3*c**3 + 5*c**2 + 13*c - 8. What is the units digit of n(-3)?
9
Let o = 574 - 154. What is the tens digit of ((-2)/5)/((-14)/o)?
1
Let q(a) = 28*a**3 + 1. Let h(i) be the second derivative of i**5/20 - i**4/2 + 2*i**3/3 + 3*i**2 - 9*i. Let r be h(5). What is the tens digit of q(r)?
2
Let i be (-1)/(1042/(-348) - -3). Let v = 292 + i. What is the units digit of v?
8
Suppose 0 = 3*g - 8*g + 825. Suppose 2*j = 3*j + 5*a - g, 4*a = -8. What is the hundreds digit of j?
1
Let d be 1 + -2 + 6*1. Suppose 3*r = -r + 5*f + 17, -4*f + d = 3*r. Suppose 2*k = -r*k - 20, -2*k - 44 = -4*h. What is the units digit of h?
9
Let i(w) = -5*w**2 - 8*w - 4. Let n be i(-5). Let t = n - -239. Suppose -3*v - 3*r + 90 = 0, 0 = -0*v + 5*v + 2*r - t. What is the tens digit of v?
3
What is the hundreds digit of ((-8)/(-2))/((-26)/(-2808))?
4
Let b = -132 - -253. What is the hundreds digit of b?
1
Let m = 6 + -18. Let a = 0 - m. Let u(n) = 5*n - 12. What is the units digit of u(a)?
8
Let s be (30/(-4))/((-15)/250). Suppose -4*x + s = x. What is the tens digit of x?
2
Let q be (-73)/(-15) - (-18)/135. Suppose -3*z + 222 = -z - 3*p, 0 = -q*z + p + 581. What is the tens digit of z?
1
Suppose -p = -0*p + 5*g + 10, 8 = 5*p - 4*g. Let r(n) = -n**2 - n + 16. Let q be r(0). Suppose p*x - 2*x = -q. What is the units digit of x?
8
Suppose -8*y = -21153 + 4465. What is the hundreds digit of y?
0
Let h(z) = -3*z**3 - 4*z**2 - 6*z - 2. Let v be h(-2). Suppose 4*l - 5*s - 257 = 0, -2*l + s = -109 - v. What is the tens digit of l?
6
Let f(o) = 567*o**2 + 3. What is the units digit of f(1)?
0
Suppose -4*n - 346 - 386 = -4*h, -3*h - 5*n = -589. What is the tens digit of h/8 + 6 + 2/4?
3
Let y be 1/(2/(-3))*-10. Suppose -j + 51 = 3*p, -2*p + y = 2*j - 95. What is the tens digit of j?
5
Suppose 3*w - 46 = -34. Suppose -389 = -w*u + 287. What is the units digit of u?
9
Let n = -726 - -1174. What is the hundreds digit of n?
4
Let y be ((-3)/6*-12)/((-3)/(-2)). Suppose -y*f = 6*f - 520. What is the tens digit of f?
5
Let d be (-765)/15 + 2*1*-2. Let j = 105 + d. What is the tens digit of j?
5
Suppose -4*b - 29 = o, -7 = 2*b - 0*o + 3*o. Let l = 185 + -182. What is the units digit of -1 + l + 9 + b?
3
Let l = 70 + -53. Suppose -1022 - 1273 = -l*m. What is the tens digit of m?
3
Let c(n) = 54*n - 6. What is the units digit of c(4)?
0
Suppose -970 = -14*w + 4*w. What is the tens digit of w?
9
Suppose 8 - 6 = 2*v. Let i be (-2 - 12 - v) + 0. What is the units digit of (80/i)/(1/(-3))?
6
Let h(j) = -6*j - 19. Let i(m) = m + 4. Let t(p) = 2*h(p) + 11*i(p). Suppose -18 = -0*v + 3*v. What is the units digit of t(v)?
2
Let u(q) = q**2 - 35*q - 117. What is the hundreds digit of u(73)?
6
Suppose 5*x + g - 1945 = 0, -4*x - 5*g + 724 = -853. Suppose 5*m = 4*o - x, -3*o + m + 2